{"id":504,"date":"2024-02-27T18:05:24","date_gmt":"2024-02-27T16:05:24","guid":{"rendered":"https:\/\/automaatiokoulutus.fi\/?post_type=product&#038;p=504"},"modified":"2026-01-30T15:09:24","modified_gmt":"2026-01-30T13:09:24","slug":"automaatioasennukset","status":"publish","type":"product","link":"https:\/\/automaatiokoulutus.fi\/?product=automaatioasennukset","title":{"rendered":"Automaatioasennukset: Oppilaitokset ja opiskelijat (ryhm\u00e4lle)"},"content":{"rendered":"<p>Automaatioasennuksissa k\u00e4yd\u00e4\u00e4n l\u00e4vitse automaatioon liittyv\u00e4\u00e4 asiaa.<\/p>\n<p>Kurssin materiaali on tekij\u00e4noikeussuojattu ja niiden kopioiminen ja jakaminen on ehdottomasti kielletty.<\/p>\n<p>S\u00e4hk\u00f6kuvia saa k\u00e4ytt\u00e4\u00e4 vain henkil\u00f6t, joilla on voimassa oleva lisenssi kurssille.<\/p>\n<p>Yksi lisenssi on yhdelle henkil\u00f6lle.<\/p>\n<p>&nbsp;<\/p>\n<p>Ensimm\u00e4isell\u00e4 kerralla, kun ostat tuotteita, sinulle luodaan automaattisesti k\u00e4ytt\u00e4j\u00e4tili. S\u00e4hk\u00f6postiisi tulee viesti, josta p\u00e4\u00e4set asettamaan tilille salasanan.<\/p>\n","protected":false},"excerpt":{"rendered":"<p>T\u00e4m\u00e4 on lisenssi ryhm\u00e4lle, eli voit ostaa lisenssit esim. opiskelijoille.<\/p>\n<p>Yksi lisenssi on yhdelle henkil\u00f6lle.<\/p>\n<p>\u00c4l\u00e4 liit\u00e4 t\u00e4h\u00e4n tilaukseen muita tuotteita. Tilaa tuotteet eri tilauksella, tai et p\u00e4\u00e4se lis\u00e4\u00e4m\u00e4\u00e4n ryhm\u00e4\u00e4n j\u00e4seni\u00e4.<\/p>\n<p>Lisenssi on voimassa 300 p\u00e4iv\u00e4\u00e4.<\/p>\n<p>Ostettaessa pit\u00e4\u00e4 olla koulun s\u00e4hk\u00f6posti. S\u00e4hk\u00f6posti tarkistetaan oston j\u00e4lkeen.<\/p>\n","protected":false},"featured_media":49,"template":"","meta":{"_eb_attr":"","site-sidebar-layout":"default","site-content-layout":"","ast-site-content-layout":"default","site-content-style":"default","site-sidebar-style":"default","ast-global-header-display":"","ast-banner-title-visibility":"","ast-main-header-display":"","ast-hfb-above-header-display":"","ast-hfb-below-header-display":"","ast-hfb-mobile-header-display":"","site-post-title":"","ast-breadcrumbs-content":"","ast-featured-img":"","footer-sml-layout":"","ast-disable-related-posts":"","theme-transparent-header-meta":"default","adv-header-id-meta":"","stick-header-meta":"","header-above-stick-meta":"","header-main-stick-meta":"","header-below-stick-meta":"","astra-migrate-meta-layouts":"set","ast-page-background-enabled":"default","ast-page-background-meta":{"desktop":{"background-color":"var(--ast-global-color-4)","background-image":"","background-repeat":"repeat","background-position":"center center","background-size":"auto","background-attachment":"scroll","background-type":"","background-media":"","overlay-type":"","overlay-color":"","overlay-opacity":"","overlay-gradient":""},"tablet":{"background-color":"","background-image":"","background-repeat":"repeat","background-position":"center center","background-size":"auto","background-attachment":"scroll","background-type":"","background-media":"","overlay-type":"","overlay-color":"","overlay-opacity":"","overlay-gradient":""},"mobile":{"background-color":"","background-image":"","background-repeat":"repeat","background-position":"center center","background-size":"auto","background-attachment":"scroll","background-type":"","background-media":"","overlay-type":"","overlay-color":"","overlay-opacity":"","overlay-gradient":""}},"ast-content-background-meta":{"desktop":{"background-color":"var(--ast-global-color-5)","background-image":"","background-repeat":"repeat","background-position":"center center","background-size":"auto","background-attachment":"scroll","background-type":"","background-media":"","overlay-type":"","overlay-color":"","overlay-opacity":"","overlay-gradient":""},"tablet":{"background-color":"var(--ast-global-color-5)","background-image":"","background-repeat":"repeat","background-position":"center center","background-size":"auto","background-attachment":"scroll","background-type":"","background-media":"","overlay-type":"","overlay-color":"","overlay-opacity":"","overlay-gradient":""},"mobile":{"background-color":"var(--ast-global-color-5)","background-image":"","background-repeat":"repeat","background-position":"center center","background-size":"auto","background-attachment":"scroll","background-type":"","background-media":"","overlay-type":"","overlay-color":"","overlay-opacity":"","overlay-gradient":""}}},"product_brand":[],"product_cat":[51],"product_tag":[],"class_list":{"0":"post-504","1":"product","2":"type-product","3":"status-publish","4":"has-post-thumbnail","6":"product_cat-verkkokurssit","7":"product_shipping_class-verkkokurssit","8":"desktop-align-left","9":"tablet-align-left","10":"mobile-align-left","12":"first","13":"instock","14":"virtual","15":"taxable","16":"purchasable","17":"product-type-simple"},"_links":{"self":[{"href":"https:\/\/automaatiokoulutus.fi\/index.php?rest_route=\/wp\/v2\/product\/504","targetHints":{"allow":["GET"]}}],"collection":[{"href":"https:\/\/automaatiokoulutus.fi\/index.php?rest_route=\/wp\/v2\/product"}],"about":[{"href":"https:\/\/automaatiokoulutus.fi\/index.php?rest_route=\/wp\/v2\/types\/product"}],"version-history":[{"count":3,"href":"https:\/\/automaatiokoulutus.fi\/index.php?rest_route=\/wp\/v2\/product\/504\/revisions"}],"predecessor-version":[{"id":4314,"href":"https:\/\/automaatiokoulutus.fi\/index.php?rest_route=\/wp\/v2\/product\/504\/revisions\/4314"}],"wp:featuredmedia":[{"embeddable":true,"href":"https:\/\/automaatiokoulutus.fi\/index.php?rest_route=\/wp\/v2\/media\/49"}],"wp:attachment":[{"href":"https:\/\/automaatiokoulutus.fi\/index.php?rest_route=%2Fwp%2Fv2%2Fmedia&parent=504"}],"wp:term":[{"taxonomy":"product_brand","embeddable":true,"href":"https:\/\/automaatiokoulutus.fi\/index.php?rest_route=%2Fwp%2Fv2%2Fproduct_brand&post=504"},{"taxonomy":"product_cat","embeddable":true,"href":"https:\/\/automaatiokoulutus.fi\/index.php?rest_route=%2Fwp%2Fv2%2Fproduct_cat&post=504"},{"taxonomy":"product_tag","embeddable":true,"href":"https:\/\/automaatiokoulutus.fi\/index.php?rest_route=%2Fwp%2Fv2%2Fproduct_tag&post=504"}],"curies":[{"name":"wp","href":"https:\/\/api.w.org\/{rel}","templated":true}]}}