{"id":100,"date":"2024-02-27T11:13:22","date_gmt":"2024-02-27T09:13:22","guid":{"rendered":"https:\/\/automaatiokoulutus.fi\/?page_id=100"},"modified":"2024-03-02T22:06:14","modified_gmt":"2024-03-02T20:06:14","slug":"yritys","status":"publish","type":"page","link":"https:\/\/automaatiokoulutus.fi\/?page_id=100","title":{"rendered":"Yritys"},"content":{"rendered":"\t\t<div data-elementor-type=\"wp-page\" data-elementor-id=\"100\" class=\"elementor elementor-100\" data-elementor-post-type=\"page\">\n\t\t\t\t<div class=\"elementor-element elementor-element-a9c9559 e-flex e-con-boxed e-con e-parent\" data-id=\"a9c9559\" data-element_type=\"container\" data-e-type=\"container\">\n\t\t\t\t\t<div class=\"e-con-inner\">\n\t\t\t\t<div class=\"elementor-element elementor-element-202654a elementor-widget elementor-widget-spacer\" data-id=\"202654a\" data-element_type=\"widget\" data-e-type=\"widget\" data-widget_type=\"spacer.default\">\n\t\t\t\t\t\t\t<div class=\"elementor-spacer\">\n\t\t\t<div class=\"elementor-spacer-inner\"><\/div>\n\t\t<\/div>\n\t\t\t\t\t\t<\/div>\n\t\t\t\t\t<\/div>\n\t\t\t\t<\/div>\n\t\t<div class=\"elementor-element elementor-element-6300200 e-con-full e-flex e-con e-parent\" data-id=\"6300200\" data-element_type=\"container\" data-e-type=\"container\" data-settings=\"{&quot;background_background&quot;:&quot;classic&quot;}\">\n\t\t<div class=\"elementor-element elementor-element-7e94762 e-con-full e-flex e-con e-child\" data-id=\"7e94762\" data-element_type=\"container\" data-e-type=\"container\" data-settings=\"{&quot;background_background&quot;:&quot;classic&quot;}\">\n\t\t\t\t<div class=\"elementor-element elementor-element-5c78388 elementor-widget elementor-widget-image\" data-id=\"5c78388\" data-element_type=\"widget\" data-e-type=\"widget\" data-widget_type=\"image.default\">\n\t\t\t\t\t\t\t\t\t\t\t\t\t\t\t<img fetchpriority=\"high\" decoding=\"async\" width=\"1024\" height=\"162\" src=\"https:\/\/automaatiokoulutus.fi\/wp-content\/uploads\/2024\/02\/K-AUTOMAATIOKOULUTUS-1-1024x162.png\" class=\"attachment-large size-large wp-image-773\" alt=\"\" srcset=\"https:\/\/automaatiokoulutus.fi\/wp-content\/uploads\/2024\/02\/K-AUTOMAATIOKOULUTUS-1-1024x162.png 1024w, https:\/\/automaatiokoulutus.fi\/wp-content\/uploads\/2024\/02\/K-AUTOMAATIOKOULUTUS-1-300x47.png 300w, https:\/\/automaatiokoulutus.fi\/wp-content\/uploads\/2024\/02\/K-AUTOMAATIOKOULUTUS-1-768x121.png 768w, https:\/\/automaatiokoulutus.fi\/wp-content\/uploads\/2024\/02\/K-AUTOMAATIOKOULUTUS-1-1536x243.png 1536w, https:\/\/automaatiokoulutus.fi\/wp-content\/uploads\/2024\/02\/K-AUTOMAATIOKOULUTUS-1-2048x323.png 2048w, https:\/\/automaatiokoulutus.fi\/wp-content\/uploads\/2024\/02\/K-AUTOMAATIOKOULUTUS-1-1320x208.png 1320w, https:\/\/automaatiokoulutus.fi\/wp-content\/uploads\/2024\/02\/K-AUTOMAATIOKOULUTUS-1-600x95.png 600w\" sizes=\"(max-width: 1024px) 100vw, 1024px\" \/>\t\t\t\t\t\t\t\t\t\t\t\t\t\t\t<\/div>\n\t\t\t\t<\/div>\n\t\t\t\t<\/div>\n\t\t<div class=\"elementor-element elementor-element-fd50d18 e-flex e-con-boxed e-con e-parent\" data-id=\"fd50d18\" data-element_type=\"container\" data-e-type=\"container\">\n\t\t\t\t\t<div class=\"e-con-inner\">\n\t\t\t\t<div class=\"elementor-element elementor-element-cdc5e13 elementor-widget elementor-widget-spacer\" data-id=\"cdc5e13\" data-element_type=\"widget\" data-e-type=\"widget\" data-widget_type=\"spacer.default\">\n\t\t\t\t\t\t\t<div class=\"elementor-spacer\">\n\t\t\t<div class=\"elementor-spacer-inner\"><\/div>\n\t\t<\/div>\n\t\t\t\t\t\t<\/div>\n\t\t\t\t<div class=\"elementor-element elementor-element-fe90de9 elementor-widget elementor-widget-heading\" data-id=\"fe90de9\" data-element_type=\"widget\" data-e-type=\"widget\" data-widget_type=\"heading.default\">\n\t\t\t\t\t<h2 class=\"elementor-heading-title elementor-size-default\">Historia<\/h2>\t\t\t\t<\/div>\n\t\t\t\t<div class=\"elementor-element elementor-element-5964619 elementor-widget elementor-widget-text-editor\" data-id=\"5964619\" data-element_type=\"widget\" data-e-type=\"widget\" data-widget_type=\"text-editor.default\">\n\t\t\t\t\t\t\t\t\t<p>Kompnentteina esim. Kuljetin, ja siihen liittyvi\u00e4 asioita. Kivenvuori Oy on perustettu 2016 yhden miehen mielenkiinnnosta automaatioon. Kivenvuori Oy:n alatoiminimen\u00e4 on K Automaatiokoulutus.<\/p><p>Aloin kehitt\u00e4\u00e4 fyysisi\u00e4 oppimisymp\u00e4rist\u00f6j\u00e4 heti yrityksen alkuaikoina ja t\u00e4m\u00e4n innoittamana\u00a0 alkoi muotoutua my\u00f6s verkkokoulutusymp\u00e4rist\u00f6. Olenkin kehitt\u00e4nyt ymp\u00e4rist\u00f6n, jonka harjoitukset mukailevat todellista ty\u00f6t\u00e4 mahdollisimman hyvin.<\/p><p>\u00a0<\/p>\t\t\t\t\t\t\t\t<\/div>\n\t\t\t\t\t<\/div>\n\t\t\t\t<\/div>\n\t\t<div class=\"elementor-element elementor-element-9b68536 e-flex e-con-boxed e-con e-parent\" data-id=\"9b68536\" data-element_type=\"container\" data-e-type=\"container\" data-settings=\"{&quot;background_background&quot;:&quot;classic&quot;,&quot;shape_divider_top&quot;:&quot;pyramids&quot;}\">\n\t\t\t\t\t<div class=\"e-con-inner\">\n\t\t\t\t<div class=\"elementor-shape elementor-shape-top\" aria-hidden=\"true\" data-negative=\"false\">\n\t\t\t<svg xmlns=\"http:\/\/www.w3.org\/2000\/svg\" viewBox=\"0 0 1000 100\" preserveAspectRatio=\"none\">\n\t<path class=\"elementor-shape-fill\" d=\"M761.9,44.1L643.1,27.2L333.8,98L0,3.8V0l1000,0v3.9\"\/>\n<\/svg>\t\t<\/div>\n\t\t<div class=\"elementor-element elementor-element-cc8f1a1 e-con-full e-flex e-con e-child\" data-id=\"cc8f1a1\" data-element_type=\"container\" data-e-type=\"container\">\n\t\t\t\t<div class=\"elementor-element elementor-element-6210a6e elementor-widget elementor-widget-image\" data-id=\"6210a6e\" data-element_type=\"widget\" data-e-type=\"widget\" data-widget_type=\"image.default\">\n\t\t\t\t\t\t\t\t\t\t\t\t\t\t\t<img decoding=\"async\" width=\"874\" height=\"1024\" src=\"https:\/\/automaatiokoulutus.fi\/wp-content\/uploads\/2024\/02\/Jarno-Kuva-874x1024.png\" class=\"attachment-large size-large wp-image-104\" alt=\"\" srcset=\"https:\/\/automaatiokoulutus.fi\/wp-content\/uploads\/2024\/02\/Jarno-Kuva-874x1024.png 874w, https:\/\/automaatiokoulutus.fi\/wp-content\/uploads\/2024\/02\/Jarno-Kuva-256x300.png 256w, https:\/\/automaatiokoulutus.fi\/wp-content\/uploads\/2024\/02\/Jarno-Kuva-768x900.png 768w, https:\/\/automaatiokoulutus.fi\/wp-content\/uploads\/2024\/02\/Jarno-Kuva-600x703.png 600w, https:\/\/automaatiokoulutus.fi\/wp-content\/uploads\/2024\/02\/Jarno-Kuva.png 1134w\" sizes=\"(max-width: 874px) 100vw, 874px\" \/>\t\t\t\t\t\t\t\t\t\t\t\t\t\t\t<\/div>\n\t\t\t\t<\/div>\n\t\t<div class=\"elementor-element elementor-element-14c5808 e-con-full e-flex e-con e-child\" data-id=\"14c5808\" data-element_type=\"container\" data-e-type=\"container\">\n\t\t\t\t<div class=\"elementor-element elementor-element-9744bed elementor-widget elementor-widget-heading\" data-id=\"9744bed\" data-element_type=\"widget\" data-e-type=\"widget\" data-widget_type=\"heading.default\">\n\t\t\t\t\t<h2 class=\"elementor-heading-title elementor-size-default\">Jarno Kivenvuori<\/h2>\t\t\t\t<\/div>\n\t\t\t\t<div class=\"elementor-element elementor-element-60e466b elementor-widget elementor-widget-heading\" data-id=\"60e466b\" data-element_type=\"widget\" data-e-type=\"widget\" data-widget_type=\"heading.default\">\n\t\t\t\t\t<h2 class=\"elementor-heading-title elementor-size-default\">Omistaja<\/h2>\t\t\t\t<\/div>\n\t\t\t\t<div class=\"elementor-element elementor-element-0a8317f elementor-widget-divider--view-line elementor-widget elementor-widget-divider\" data-id=\"0a8317f\" data-element_type=\"widget\" data-e-type=\"widget\" data-widget_type=\"divider.default\">\n\t\t\t\t\t\t\t<div class=\"elementor-divider\">\n\t\t\t<span class=\"elementor-divider-separator\">\n\t\t\t\t\t\t<\/span>\n\t\t<\/div>\n\t\t\t\t\t\t<\/div>\n\t\t\t\t<\/div>\n\t\t\t\t\t<\/div>\n\t\t\t\t<\/div>\n\t\t<div class=\"elementor-element elementor-element-a9b0782 e-flex e-con-boxed e-con e-parent\" data-id=\"a9b0782\" data-element_type=\"container\" data-e-type=\"container\">\n\t\t\t\t\t<div class=\"e-con-inner\">\n\t\t\t\t<div class=\"elementor-element elementor-element-588eae2 elementor-widget elementor-widget-spacer\" data-id=\"588eae2\" data-element_type=\"widget\" data-e-type=\"widget\" data-widget_type=\"spacer.default\">\n\t\t\t\t\t\t\t<div class=\"elementor-spacer\">\n\t\t\t<div class=\"elementor-spacer-inner\"><\/div>\n\t\t<\/div>\n\t\t\t\t\t\t<\/div>\n\t\t\t\t<div class=\"elementor-element elementor-element-a0deda4 elementor-widget elementor-widget-heading\" data-id=\"a0deda4\" data-element_type=\"widget\" data-e-type=\"widget\" data-widget_type=\"heading.default\">\n\t\t\t\t\t<h2 class=\"elementor-heading-title elementor-size-default\">Tietoa minusta<\/h2>\t\t\t\t<\/div>\n\t\t\t\t<div class=\"elementor-element elementor-element-a9d9c93 elementor-widget elementor-widget-text-editor\" data-id=\"a9d9c93\" data-element_type=\"widget\" data-e-type=\"widget\" data-widget_type=\"text-editor.default\">\n\t\t\t\t\t\t\t\t\t<p>Koulutushistoriani alkoi H\u00e4meenkyr\u00f6ss\u00e4 ammattikoulussa, s\u00e4hk\u00f6asentajaksi opiskelemalla. Sen j\u00e4lkeen p\u00e4\u00e4sin ammattikorkeakouluun Tampereelle lukemaan s\u00e4hk\u00f6automaatioinsin\u00f6\u00f6riksi. My\u00f6hemmin suoritin\u00a0 Tampereen ylemm\u00e4n ammattikorkeakoulun automaatiolinjalta. Lis\u00e4ksi olen suorittanut ammatillisen opettajan p\u00e4tevyydet ammattikorkeakoulussa Tampereella.<\/p><p>Ty\u00f6kokemusta l\u00f6ytyy teollisesta s\u00e4hk\u00f6kunnossapidosta ja ammatillisesta opettajan ty\u00f6st\u00e4 s\u00e4hk\u00f6- ja automaatioalalla. Yritt\u00e4j\u00e4n\u00e4 olen tehnyt s\u00e4hk\u00f6- ja automaatioasennuksia teollisuuteen sek\u00e4 asuinrakennuksiin.<\/p><p>\u00a0<\/p>\t\t\t\t\t\t\t\t<\/div>\n\t\t\t\t<div class=\"elementor-element elementor-element-397c181 elementor-widget elementor-widget-spacer\" data-id=\"397c181\" data-element_type=\"widget\" data-e-type=\"widget\" data-widget_type=\"spacer.default\">\n\t\t\t\t\t\t\t<div class=\"elementor-spacer\">\n\t\t\t<div class=\"elementor-spacer-inner\"><\/div>\n\t\t<\/div>\n\t\t\t\t\t\t<\/div>\n\t\t\t\t\t<\/div>\n\t\t\t\t<\/div>\n\t\t\t\t<\/div>\n\t\t","protected":false},"excerpt":{"rendered":"<p>Historia Kompnentteina esim. Kuljetin, ja siihen liittyvi\u00e4 asioita. Kivenvuori Oy on perustettu 2016 yhden miehen mielenkiinnnosta automaatioon. Kivenvuori Oy:n alatoiminimen\u00e4 [&hellip;]<\/p>\n","protected":false},"author":1,"featured_media":0,"parent":0,"menu_order":0,"comment_status":"closed","ping_status":"closed","template":"","meta":{"_eb_attr":"","site-sidebar-layout":"no-sidebar","site-content-layout":"","ast-site-content-layout":"full-width-container","site-content-style":"default","site-sidebar-style":"default","ast-global-header-display":"","ast-banner-title-visibility":"","ast-main-header-display":"","ast-hfb-above-header-display":"","ast-hfb-below-header-display":"","ast-hfb-mobile-header-display":"","site-post-title":"disabled","ast-breadcrumbs-content":"","ast-featured-img":"disabled","footer-sml-layout":"","ast-disable-related-posts":"","theme-transparent-header-meta":"","adv-header-id-meta":"","stick-header-meta":"","header-above-stick-meta":"","header-main-stick-meta":"","header-below-stick-meta":"","astra-migrate-meta-layouts":"default","ast-page-background-enabled":"default","ast-page-background-meta":{"desktop":{"background-color":"var(--ast-global-color-4)","background-image":"","background-repeat":"repeat","background-position":"center center","background-size":"auto","background-attachment":"scroll","background-type":"","background-media":"","overlay-type":"","overlay-color":"","overlay-opacity":"","overlay-gradient":""},"tablet":{"background-color":"","background-image":"","background-repeat":"repeat","background-position":"center center","background-size":"auto","background-attachment":"scroll","background-type":"","background-media":"","overlay-type":"","overlay-color":"","overlay-opacity":"","overlay-gradient":""},"mobile":{"background-color":"","background-image":"","background-repeat":"repeat","background-position":"center center","background-size":"auto","background-attachment":"scroll","background-type":"","background-media":"","overlay-type":"","overlay-color":"","overlay-opacity":"","overlay-gradient":""}},"ast-content-background-meta":{"desktop":{"background-color":"var(--ast-global-color-5)","background-image":"","background-repeat":"repeat","background-position":"center center","background-size":"auto","background-attachment":"scroll","background-type":"","background-media":"","overlay-type":"","overlay-color":"","overlay-opacity":"","overlay-gradient":""},"tablet":{"background-color":"var(--ast-global-color-5)","background-image":"","background-repeat":"repeat","background-position":"center center","background-size":"auto","background-attachment":"scroll","background-type":"","background-media":"","overlay-type":"","overlay-color":"","overlay-opacity":"","overlay-gradient":""},"mobile":{"background-color":"var(--ast-global-color-5)","background-image":"","background-repeat":"repeat","background-position":"center center","background-size":"auto","background-attachment":"scroll","background-type":"","background-media":"","overlay-type":"","overlay-color":"","overlay-opacity":"","overlay-gradient":""}},"footnotes":""},"class_list":["post-100","page","type-page","status-publish","hentry"],"_links":{"self":[{"href":"https:\/\/automaatiokoulutus.fi\/index.php?rest_route=\/wp\/v2\/pages\/100","targetHints":{"allow":["GET"]}}],"collection":[{"href":"https:\/\/automaatiokoulutus.fi\/index.php?rest_route=\/wp\/v2\/pages"}],"about":[{"href":"https:\/\/automaatiokoulutus.fi\/index.php?rest_route=\/wp\/v2\/types\/page"}],"author":[{"embeddable":true,"href":"https:\/\/automaatiokoulutus.fi\/index.php?rest_route=\/wp\/v2\/users\/1"}],"replies":[{"embeddable":true,"href":"https:\/\/automaatiokoulutus.fi\/index.php?rest_route=%2Fwp%2Fv2%2Fcomments&post=100"}],"version-history":[{"count":14,"href":"https:\/\/automaatiokoulutus.fi\/index.php?rest_route=\/wp\/v2\/pages\/100\/revisions"}],"predecessor-version":[{"id":4332,"href":"https:\/\/automaatiokoulutus.fi\/index.php?rest_route=\/wp\/v2\/pages\/100\/revisions\/4332"}],"wp:attachment":[{"href":"https:\/\/automaatiokoulutus.fi\/index.php?rest_route=%2Fwp%2Fv2%2Fmedia&parent=100"}],"curies":[{"name":"wp","href":"https:\/\/api.w.org\/{rel}","templated":true}]}}